{"id":143,"date":"2025-07-15T23:30:39","date_gmt":"2025-07-15T21:30:39","guid":{"rendered":"https:\/\/originalbutton.com\/?page_id=143"},"modified":"2025-07-23T16:17:53","modified_gmt":"2025-07-23T14:17:53","slug":"nosotros","status":"publish","type":"page","link":"https:\/\/originalbutton.com\/?page_id=143","title":{"rendered":"Nosotros"},"content":{"rendered":"\t\t<div data-elementor-type=\"wp-page\" data-elementor-id=\"143\" class=\"elementor elementor-143\" data-elementor-post-type=\"page\">\n\t\t\t\t<div class=\"elementor-element elementor-element-58a6228d e-flex e-con-boxed e-con e-parent\" data-id=\"58a6228d\" data-element_type=\"container\" data-settings=\"{&quot;background_background&quot;:&quot;classic&quot;}\">\n\t\t\t\t\t<div class=\"e-con-inner\">\n\t\t\t\t<div class=\"elementor-element elementor-element-5e58a932 elementor-invisible elementor-widget elementor-widget-heading\" data-id=\"5e58a932\" data-element_type=\"widget\" data-settings=\"{&quot;_animation&quot;:&quot;fadeIn&quot;}\" data-widget_type=\"heading.default\">\n\t\t\t\t<div class=\"elementor-widget-container\">\n\t\t\t\t\t<h2 class=\"elementor-heading-title elementor-size-default\">Nosotros<\/h2>\t\t\t\t<\/div>\n\t\t\t\t<\/div>\n\t\t<div class=\"elementor-element elementor-element-3e5bfab5 e-con-full e-flex elementor-invisible e-con e-child\" data-id=\"3e5bfab5\" data-element_type=\"container\" data-settings=\"{&quot;background_background&quot;:&quot;classic&quot;,&quot;animation&quot;:&quot;fadeIn&quot;,&quot;animation_delay&quot;:400}\">\n\t\t\t\t<div class=\"elementor-element elementor-element-2f22a7ed elementor-widget-divider--view-line elementor-widget elementor-widget-divider\" data-id=\"2f22a7ed\" data-element_type=\"widget\" data-widget_type=\"divider.default\">\n\t\t\t\t<div class=\"elementor-widget-container\">\n\t\t\t\t\t\t\t<div class=\"elementor-divider\">\n\t\t\t<span class=\"elementor-divider-separator\">\n\t\t\t\t\t\t<\/span>\n\t\t<\/div>\n\t\t\t\t\t\t<\/div>\n\t\t\t\t<\/div>\n\t\t\t\t<\/div>\n\t\t\t\t\t<\/div>\n\t\t\t\t<\/div>\n\t\t<div class=\"elementor-element elementor-element-6f240cdf e-flex e-con-boxed e-con e-parent\" data-id=\"6f240cdf\" data-element_type=\"container\">\n\t\t\t\t\t<div class=\"e-con-inner\">\n\t\t\t\t<div class=\"elementor-element elementor-element-610e89e2 elementor-widget__width-initial elementor-widget-mobile__width-inherit elementor-invisible elementor-widget elementor-widget-heading\" data-id=\"610e89e2\" data-element_type=\"widget\" data-settings=\"{&quot;_animation&quot;:&quot;fadeIn&quot;,&quot;_animation_delay&quot;:200}\" data-widget_type=\"heading.default\">\n\t\t\t\t<div class=\"elementor-widget-container\">\n\t\t\t\t\t<h2 class=\"elementor-heading-title elementor-size-default\">NUESTRA HISTORIA\nUn legado de tres generaciones\n<\/h2>\t\t\t\t<\/div>\n\t\t\t\t<\/div>\n\t\t<div class=\"elementor-element elementor-element-27bdc9ef e-con-full e-flex e-con e-child\" data-id=\"27bdc9ef\" data-element_type=\"container\">\n\t\t<div class=\"elementor-element elementor-element-663dbbf4 e-con-full e-flex e-con e-child\" data-id=\"663dbbf4\" data-element_type=\"container\">\n\t\t\t\t<div class=\"elementor-element elementor-element-7a3c1947 elementor-invisible elementor-widget elementor-widget-text-editor\" data-id=\"7a3c1947\" data-element_type=\"widget\" data-settings=\"{&quot;_animation&quot;:&quot;fadeIn&quot;,&quot;_animation_delay&quot;:400}\" data-widget_type=\"text-editor.default\">\n\t\t\t\t<div class=\"elementor-widget-container\">\n\t\t\t\t\t\t\t\t\t<p><strong>Original Button<\/strong> surge de la sucesi\u00f3n de tres generaciones en la industria botonera y de accesorios para la confecci\u00f3n, adapt\u00e1ndose constantemente a los cambios de la moda y las necesidades industriales desde su fundaci\u00f3n en los a\u00f1os 50.<\/p>\t\t\t\t\t\t\t\t<\/div>\n\t\t\t\t<\/div>\n\t\t\t\t<div class=\"elementor-element elementor-element-3ae4c620 elementor-invisible elementor-widget elementor-widget-image\" data-id=\"3ae4c620\" data-element_type=\"widget\" data-settings=\"{&quot;_animation&quot;:&quot;fadeIn&quot;,&quot;_animation_delay&quot;:600}\" data-widget_type=\"image.default\">\n\t\t\t\t<div class=\"elementor-widget-container\">\n\t\t\t\t\t\t\t\t\t\t\t\t\t\t\t<img fetchpriority=\"high\" decoding=\"async\" width=\"800\" height=\"566\" src=\"https:\/\/originalbutton.com\/wp-content\/uploads\/2025\/07\/NUESTRA-HISTORIA-1-1024x724.webp\" class=\"attachment-large size-large wp-image-416\" alt=\"\" srcset=\"https:\/\/originalbutton.com\/wp-content\/uploads\/2025\/07\/NUESTRA-HISTORIA-1-1024x724.webp 1024w, https:\/\/originalbutton.com\/wp-content\/uploads\/2025\/07\/NUESTRA-HISTORIA-1-300x212.webp 300w, https:\/\/originalbutton.com\/wp-content\/uploads\/2025\/07\/NUESTRA-HISTORIA-1-768x543.webp 768w, https:\/\/originalbutton.com\/wp-content\/uploads\/2025\/07\/NUESTRA-HISTORIA-1-1536x1086.webp 1536w, https:\/\/originalbutton.com\/wp-content\/uploads\/2025\/07\/NUESTRA-HISTORIA-1.webp 1754w\" sizes=\"(max-width: 800px) 100vw, 800px\" \/>\t\t\t\t\t\t\t\t\t\t\t\t\t\t\t<\/div>\n\t\t\t\t<\/div>\n\t\t\t\t<div class=\"elementor-element elementor-element-e04d9dc elementor-invisible elementor-widget elementor-widget-text-editor\" data-id=\"e04d9dc\" data-element_type=\"widget\" data-settings=\"{&quot;_animation&quot;:&quot;fadeIn&quot;,&quot;_animation_delay&quot;:400}\" data-widget_type=\"text-editor.default\">\n\t\t\t\t<div class=\"elementor-widget-container\">\n\t\t\t\t\t\t\t\t\t<p>Todo comenz\u00f3 con<strong> D. Jos\u00e9 P\u00e9rez Beltr\u00e1n<\/strong>, quien en la d\u00e9cada de los 50 fund\u00f3 lo que hoy conocemos como Original Button. Con visi\u00f3n emprendedora y pasi\u00f3n por la calidad, Jos\u00e9 comenz\u00f3 dando a conocer su producci\u00f3n entre las tiendas de mercer\u00eda y fabricantes de confecci\u00f3n de la zona.<\/p><p>Desde el principio, sus productos se distinguieron por tres caracter\u00edsticas fundamentales:<\/p><ul><li class=\"whitespace-normal break-words\"><strong>Calidad excepcional<\/strong> en materiales y acabados<\/li><li class=\"whitespace-normal break-words\"><strong>Funcionalidad pr\u00e1ctica<\/strong> adaptada a las necesidades reales<\/li><li class=\"whitespace-normal break-words\"><strong>Dise\u00f1o cuidado<\/strong> que a\u00f1ad\u00eda valor est\u00e9tico<\/li><\/ul>\t\t\t\t\t\t\t\t<\/div>\n\t\t\t\t<\/div>\n\t\t\t\t<\/div>\n\t\t<div class=\"elementor-element elementor-element-6450dd1e e-con-full e-flex e-con e-child\" data-id=\"6450dd1e\" data-element_type=\"container\">\n\t\t\t\t<div class=\"elementor-element elementor-element-4dc3d674 elementor-invisible elementor-widget elementor-widget-image\" data-id=\"4dc3d674\" data-element_type=\"widget\" data-settings=\"{&quot;_animation&quot;:&quot;fadeIn&quot;,&quot;_animation_delay&quot;:600}\" data-widget_type=\"image.default\">\n\t\t\t\t<div class=\"elementor-widget-container\">\n\t\t\t\t\t\t\t\t\t\t\t\t\t\t\t<img decoding=\"async\" width=\"769\" height=\"1024\" src=\"https:\/\/originalbutton.com\/wp-content\/uploads\/2025\/07\/IMG_20240522_115034-1-1-769x1024.webp\" class=\"attachment-large size-large wp-image-422\" alt=\"\" srcset=\"https:\/\/originalbutton.com\/wp-content\/uploads\/2025\/07\/IMG_20240522_115034-1-1-769x1024.webp 769w, https:\/\/originalbutton.com\/wp-content\/uploads\/2025\/07\/IMG_20240522_115034-1-1-225x300.webp 225w, https:\/\/originalbutton.com\/wp-content\/uploads\/2025\/07\/IMG_20240522_115034-1-1-768x1023.webp 768w, https:\/\/originalbutton.com\/wp-content\/uploads\/2025\/07\/IMG_20240522_115034-1-1.webp 868w\" sizes=\"(max-width: 769px) 100vw, 769px\" \/>\t\t\t\t\t\t\t\t\t\t\t\t\t\t\t<\/div>\n\t\t\t\t<\/div>\n\t\t\t\t<div class=\"elementor-element elementor-element-342dc3a elementor-invisible elementor-widget elementor-widget-text-editor\" data-id=\"342dc3a\" data-element_type=\"widget\" data-settings=\"{&quot;_animation&quot;:&quot;fadeIn&quot;,&quot;_animation_delay&quot;:400}\" data-widget_type=\"text-editor.default\">\n\t\t\t\t<div class=\"elementor-widget-container\">\n\t\t\t\t\t\t\t\t\t<p><strong>La segunda generaci\u00f3n<\/strong> tom\u00f3 el relevo expandiendo la empresa m\u00e1s all\u00e1 de las fronteras locales. Se modernizaron los procesos productivos y se ampli\u00f3 la gama de productos, manteniendo siempre el compromiso con la calidad que caracterizaba a la empresa desde sus inicios.<\/p>\t\t\t\t\t\t\t\t<\/div>\n\t\t\t\t<\/div>\n\t\t\t\t<div class=\"elementor-element elementor-element-46341c0 elementor-invisible elementor-widget elementor-widget-text-editor\" data-id=\"46341c0\" data-element_type=\"widget\" data-settings=\"{&quot;_animation&quot;:&quot;fadeIn&quot;,&quot;_animation_delay&quot;:400}\" data-widget_type=\"text-editor.default\">\n\t\t\t\t<div class=\"elementor-widget-container\">\n\t\t\t\t\t\t\t\t\t<p><strong>La tercera generaci\u00f3n<\/strong> ha llevado Original Button al siglo XXI, incorporando nuevas tecnolog\u00edas y materiales como el metacrilato y las resinas de poli\u00e9ster especializadas, sin perder jam\u00e1s la esencia artesanal que nos define.<\/p>\t\t\t\t\t\t\t\t<\/div>\n\t\t\t\t<\/div>\n\t\t\t\t<\/div>\n\t\t\t\t<\/div>\n\t\t\t\t\t<\/div>\n\t\t\t\t<\/div>\n\t\t<div class=\"elementor-element elementor-element-5e4c4c74 e-flex e-con-boxed e-con e-parent\" data-id=\"5e4c4c74\" data-element_type=\"container\" data-settings=\"{&quot;background_background&quot;:&quot;classic&quot;}\">\n\t\t\t\t\t<div class=\"e-con-inner\">\n\t\t<div class=\"elementor-element elementor-element-2b125d2f e-con-full e-flex e-con e-child\" data-id=\"2b125d2f\" data-element_type=\"container\" data-settings=\"{&quot;background_background&quot;:&quot;classic&quot;}\">\n\t\t\t\t<div class=\"elementor-element elementor-element-46b7ce74 elementor-widget-divider--view-line elementor-widget elementor-widget-divider\" data-id=\"46b7ce74\" data-element_type=\"widget\" data-widget_type=\"divider.default\">\n\t\t\t\t<div class=\"elementor-widget-container\">\n\t\t\t\t\t\t\t<div class=\"elementor-divider\">\n\t\t\t<span class=\"elementor-divider-separator\">\n\t\t\t\t\t\t<\/span>\n\t\t<\/div>\n\t\t\t\t\t\t<\/div>\n\t\t\t\t<\/div>\n\t\t\t\t<\/div>\n\t\t<div class=\"elementor-element elementor-element-59859773 e-con-full e-flex e-con e-child\" data-id=\"59859773\" data-element_type=\"container\">\n\t\t\t\t<div class=\"elementor-element elementor-element-3b1eda38 elementor-invisible elementor-widget elementor-widget-heading\" data-id=\"3b1eda38\" data-element_type=\"widget\" data-settings=\"{&quot;_animation&quot;:&quot;fadeIn&quot;,&quot;_animation_delay&quot;:200}\" data-widget_type=\"heading.default\">\n\t\t\t\t<div class=\"elementor-widget-container\">\n\t\t\t\t\t<h2 class=\"elementor-heading-title elementor-size-default\">Nuestra Visi\u00f3n\n<\/h2>\t\t\t\t<\/div>\n\t\t\t\t<\/div>\n\t\t\t\t<div class=\"elementor-element elementor-element-7faeb4c5 elementor-invisible elementor-widget elementor-widget-text-editor\" data-id=\"7faeb4c5\" data-element_type=\"widget\" data-settings=\"{&quot;_animation&quot;:&quot;fadeIn&quot;,&quot;_animation_delay&quot;:400}\" data-widget_type=\"text-editor.default\">\n\t\t\t\t<div class=\"elementor-widget-container\">\n\t\t\t\t\t\t\t\t\t<p>Mantenernos como l\u00edderes en innovaci\u00f3n y calidad en la producci\u00f3n de accesorios especializados, anticip\u00e1ndonos a las necesidades del mercado y superando las expectativas de nuestros clientes.<\/p>\t\t\t\t\t\t\t\t<\/div>\n\t\t\t\t<\/div>\n\t\t\t\t<\/div>\n\t\t\t\t\t<\/div>\n\t\t\t\t<\/div>\n\t\t\t\t<\/div>\n\t\t","protected":false},"excerpt":{"rendered":"<p>Nosotros NUESTRA HISTORIA Un legado de tres generaciones Original Button surge de la sucesi\u00f3n de tres generaciones en la industria botonera y de accesorios para la confecci\u00f3n, adapt\u00e1ndose constantemente a los cambios de la moda y las necesidades industriales desde su fundaci\u00f3n en los a\u00f1os 50. Todo comenz\u00f3 con D. Jos\u00e9 P\u00e9rez Beltr\u00e1n, quien en [&hellip;]<\/p>\n","protected":false},"author":1,"featured_media":0,"parent":0,"menu_order":0,"comment_status":"closed","ping_status":"closed","template":"elementor_header_footer","meta":{"_joinchat":[],"footnotes":""},"class_list":["post-143","page","type-page","status-publish","hentry"],"_links":{"self":[{"href":"https:\/\/originalbutton.com\/index.php?rest_route=\/wp\/v2\/pages\/143","targetHints":{"allow":["GET"]}}],"collection":[{"href":"https:\/\/originalbutton.com\/index.php?rest_route=\/wp\/v2\/pages"}],"about":[{"href":"https:\/\/originalbutton.com\/index.php?rest_route=\/wp\/v2\/types\/page"}],"author":[{"embeddable":true,"href":"https:\/\/originalbutton.com\/index.php?rest_route=\/wp\/v2\/users\/1"}],"replies":[{"embeddable":true,"href":"https:\/\/originalbutton.com\/index.php?rest_route=%2Fwp%2Fv2%2Fcomments&post=143"}],"version-history":[{"count":34,"href":"https:\/\/originalbutton.com\/index.php?rest_route=\/wp\/v2\/pages\/143\/revisions"}],"predecessor-version":[{"id":425,"href":"https:\/\/originalbutton.com\/index.php?rest_route=\/wp\/v2\/pages\/143\/revisions\/425"}],"wp:attachment":[{"href":"https:\/\/originalbutton.com\/index.php?rest_route=%2Fwp%2Fv2%2Fmedia&parent=143"}],"curies":[{"name":"wp","href":"https:\/\/api.w.org\/{rel}","templated":true}]}}